 16*i + 14. Let c(p) = -2*p**2 - 8*p + 7. Let a(k) = -5*c(k) + 3*z(k). What is a(6)?
-5
Let g(i) = 5*i + 5*i**3 + 5*i**2 - 5*i**3 + 7 - i**3. Calculate g(6).
1
Let j(v) = -v + 9. Let s be j(5). Suppose s*f = -0*f. Let c(b) = -b**3 + b**2 - b. Give c(f).
0
Let m(c) = c**2 + 11*c + 3. Let k(u) = 7*u**3 + u**2 - u + 1. Let j be k(1). Let q(p) = -4*p - 1. Let g(o) = j*q(o) + 3*m(o). What is g(-1)?
3
Let m(u) = -u**2 - 12*u - 5. Let t be m(-11). Let z(a) = a - 1. Determine z(t).
5
Let b(r) = -r - 2 + 1 + 0 + 2*r. Let x = -17 + 13. Determine b(x).
-5
Let u = -8 - -3. Let w be 5/u*(-3)/3. Let z(i) = 6*i. What is z(w)?
6
Let q(a) = a**2 - 2*a - 3. Let y = -9 - -13. Let n be q(y). Let u(r) = -r - 2*r + n*r + 7. What is u(-5)?
-3
Suppose -6*s + 4*s + 8 = 0. Let i = -8 - -20. Let n(l) = -l**2 + 6*l - i*l + 4*l + 7*l + 1. Calculate n(s).
5
Let z(l) be the third derivative of l**6/60 + l**5/60 + l**4/12 + l**3/6 - 7*l**2. Determine z(-1).
-2
Let z(q) = q**2 - 2*q - 1. Suppose -4*r = -5*m + 3, -2*m - 3*r = -r + 6. Determine z(m).
2
Let g(t) = -t**3 + 4*t**2 + 1. Suppose -2*u + 6*u = 16, 2*u - 24 = -4*h. Suppose -4*c + 32 = h*x, 13 = 2*c + 4*x - 11. Calculate g(c).
1
Let b be (-1 - -2)*(-2 - -1). Suppose -3*t + 0*t + 18 = 0. Let n(m) = 2*m**2 + t*m**3 - 1 + m - m. Give n(b).
-5
Let m(p) = p**3 + 5*p**2 + 5*p - 1. Suppose 4*w = -w - 15. Let q = w - 1. Calculate m(q).
-5
Suppose 5*b = -4*i + 26, -5*i + 23 = 3*b - 3. Let r(x) = 0 - 2*x + 4 + i*x - 3*x. Determine r(6).
-2
Let d(h) be the first derivative of -h**2/2 - h - 3. Let q be d(-3). Let l(k) = -5*k - k - q*k. Calculate l(1).
-8
Let z(b) = -b + 1. Suppose -2*c - c + 21 = 0. Let s be (c - 1) + -2 + -2. Suppose 2*m + s = 4*d - 2, 4*m + 8 = 0. Calculate z(d).
1
Suppose 3*i + 9 + 18 = 0. Let w(f) = -f**2 - 8*f + 5. Calculate w(i).
-4
Let r(c) = -9*c + 5. Suppose 0 = 2*m - 7*m - 15, 0 = 5*h - m + 32. Let a(o) = -13*o + 7. Let n(d) = h*r(d) + 5*a(d). Determine n(-1).
2
Let k be (-4)/6 + (-8)/(-3). Let z(r) = k*r + 5 - r - r**2 - 8. Determine z(0).
-3
Let d(p) be the second derivative of 7/12*p**4 + 1/2*p**2 + 1/6*p**3 + 0 + 2*p. Let m be 3 + (-3 - (4 - 3)). Give d(m).
7
Suppose -6*m + 8 = -2*m. Let d(u) = -5 + 7*u**m - u + 5. Let j = 9 + -8. Determine d(j).
6
Let g(m) = 2*m + 52 + 50 - 99. What is g(-5)?
-7
Let f be (-24)/(-5) + 5/25. Let i(p) = f - 3 + p - 2 + 2. Give i(-8).
-6
Let r(c) = c**3 - 4*c**2 - 5. Suppose 0 = -4*w - 9 - 15. Let n = 5 + 5. Let z = w + n. Give r(z).
-5
Suppose 4*k = -0*k + 12. Let l(w) = -w**3 + 4*w**2 - w - 3. Give l(k).
3
Let h(j) = j**2 - 5*j. Let x be h(4). Let q(r) = -5*r**2 - 3*r + 2. Let n(p) = 11*p**2 + 6*p - 5. Let y(g) = -4*n(g) - 9*q(g). Give y(x).
6
Let g(u) be the first derivative of u**3/3 - 12*u + 5. Let c(m) = -m**2 + m + 11. Let x(t) = -5*c(t) - 4*g(t). Give x(5).
-7
Let h(x) = x**3 + 6*x**2 - 7*x - 3. Let t be h(-7). Let j(w) = -w**3 - 2*w**2 + 2*w + 2. Calculate j(t).
5
Let n(t) = t + 1. Let m be n(1). Let l(r) be the second derivative of 1/3*r**3 - r**2 + 0 + m*r. Give l(-2).
-6
Let h(p) = 2*p**2 + 9*p - 2. Let c(y) = -3*y**2 - 13*y + 3. Let f(o) = 5*c(o) + 7*h(o). Let k be 4/18 + 120/(-54). Calculate f(k).
1
Suppose 0*w + 3*w + 3*h = -24, -2*h - 20 = 3*w. Let c(d) = 2*d + 0*d - 3*d - 5. Determine c(w).
-1
Let r = -11 - -16. Let n(m) = m**3 - 5*m**2 + 4*m. Let i be n(r). Let x be 4/6 - i/12. Let u(v) = -v**3 + v**2 - 1. Determine u(x).
1
Let c(j) be the first derivative of j**2/2 - j + 1. What is c(3)?
2
Let v(k) = 2*k + 24. Let i be v(-10). Let z = 1 + i. Let l(r) be the second derivative of -r**4/12 + 7*r**3/6 - 3*r**2 + r. Give l(z).
4
Let b(s) = s**3 - s**2 - 1. Let o = 1 + 13. Let n = -12 + o. Determine b(n).
3
Suppose 2*t = 4*q, -q + 5*t = -4*q + 26. Let m(g) be the first derivative of -2 + 1/2*g**q + 0*g. What is m(5)?
5
Suppose 4 = -3*k + f, f - 3*f = 2*k + 16. Suppose -5*x - 2*q + 5 = 0, -2*x - 3*x + 3*q + 30 = 0. Let a(t) = 3*t**2 + 2 - 2*t + t**x + 0 - 1 - 2. Determine a(k).
5
Let o(q) be the third derivative of -q**4/24 - 5*q**3/6 - 18*q**2. What is o(-8)?
3
Let w(d) = -d**3 + 6*d**2 + 4*d + 10. Let f be w(7). Let y = f + 13. Let n(c) = -4*c**2 + 0*c**2 - y*c - 1 + 3*c + 3*c**2. Determine n(1).
-1
Let n(g) be the third derivative of -g**6/120 + g**5/10 - 7*g**4/24 + g**3 + 12*g**2. Determine n(4).
10
Suppose 0*d + 5*d - 10 = 0, -4*x - 6 = -3*d. Let r(i) = i + 3. Determine r(x).
3
Suppose -4*t + 9 = 5*d, -2*t + 2*d + 30 = 2*t. Let b(i) = i**3 + 2*i**2 - 5*i. Let j(w) = -3*w**3 - 5*w**2 + 15*w - 1. Let r(a) = t*j(a) + 17*b(a). Give r(5).
-6
Let s(u) = -u**2 + 6*u + 4. Let n be 19*-1 - (13 - 11). Let r = n - -27. Calculate s(r).
4
Let a = 40 + -36. Let x(l) = -2*l + 1. Give x(a).
-7
Let t(h) = 3 - 4 + 0 - h**2. What is t(-3)?
-10
Suppose 8 = 2*r + 2. Let c(v) = v**3 - 3*v**2 + 3*v + 4. Give c(r).
13
Let v(u) = u + 8. Let t be v(-13). Suppose 0 = -g - y - 2, -y - 13 = -g + y. Let k(z) = z. Let c(s) = 4*s + 11. Let a(o) = g*k(o) - c(o). What is a(t)?
-6
Let h(c) = -c**2 - 5*c + 3. Suppose -3*k - 9 = 0, k + 2 = -5*l + 14. Suppose 0*t - 4*t - 12 = z, 0 = 4*t + l*z + 4. Give h(t).
7
Let k(u) = -u**2 - 6*u + 2. Let v = -4 + -2. Let h be k(v). Let d(g) = -4*g - g + h*g. Give d(-2).
6
Let n(l) = 4. Let k(d) = -d + 20. Let a(h) = h**3 + 9*h**2 + h - 2. Let s be a(-9). Let p(q) = s*n(q) + 2*k(q). Give p(-4).
4
Let b(y) = 3 - 98*y + 99*y - 4 - 2. Calculate b(-6).
-9
Let q = -19 - -19. Let f(k) = k**3 - k**2 - k - 1. What is f(q)?
-1
Let w(m) = m**2 + m - 3. Let z = 2 - -1. Let i(h) = -h + 4. Let c(p) = z*i(p) + 4*w(p). Give c(-1).
3
Let k(i) = i + 1. Suppose -2*n - 4 = -0*n. Determine k(n).
-1
Let y(n) = -2 - n + 0*n**3 - 3*n**2 + 5*n**2 + 2*n**3. Let k be 1*(-4)/(-2)*-1. Give y(k).
-8
Let j(w) be the third derivative of -w**9/60480 - w**8/10080 - w**7/5040 + w**5/15 + 3*w**2. Let a(v) be the third derivative of j(v). Calculate a(-3).
12
Suppose -6*g - 9 = -27. Let s(m) = -m + 4 + 0 + 4*m. Let q(n) = 2*n + 3. Let l(z) = g*s(z) - 4*q(z). Determine l(3).
3
Let q(j) = j + 1. Let c(o) = o - 1. Let h(w) = 4*c(w) - q(w). Let t(f) = -7*f**2 + f + 1. Let v be t(-1). Let x(u) = u**2 + 6*u - 3. Let d be x(v). Give h(d).
7
Let m = 22 + -25. Suppose 4*l + 1 = -y, 4*l - 24 = -0*l + 4*y. Let n(t) = 2 + 2*t - l + 0. Calculate n(m).
-5
Let t(x) = -x**2 + 8*x - 8. Let s = 10 - 0. Let r = s - 4. What is t(r)?
4
Let o(t) = 2*t + 1. Let n(k) = -3 - 3*k**2 + 4*k**2 + 2*k + 5*k - k. Let x be n(-6). Let g be (1 - -4) + x/1. Calculate o(g).
5
Let i(y) = 6*y - 2*y**2 - 4*y + 5*y**2 + y + 8 - 4*y**3. Let z(t) = 7*t**3 - 7*t**2 - 5*t - 15. Let q(s) = -5*i(s) - 3*z(s). What is q(6)?
5
Let c(j) = -8*j - 1 - 4*j - 6*j + 17*j. What is c(-5)?
4
Suppose 5*o = -t, -3*o = -0*o. Suppose -2*l = -0*l - 10. Suppose 0 = h + 2*h - j - l, t = -3*j + 3. Let n(p) = p**2 - 3*p - 2. Calculate n(h).
-4
Suppose 3*w - 4*k - 19 = -2, 0 = 3*w - 2*k - 7. Let x(l) = 2*l**3 - 2*l**2 - l. Calculate x(w).
-3
Suppose 3*y + 3*y + 24 = 0. Let k(h) = 4*h + 6. What is k(y)?
-10
Let f(g) be the second derivative of g**3/3 + 2*g**2 - 2*g. Let n be ((-6)/4 + 8 + -5)*-2. Calculate f(n).
-2
Let k be 1 + 3 + 1 + 0. Suppose -c - k = -0. Let q(d) = -2*d + d - 6 + 3. Calculate q(c).
2
Suppose 0 = -i + 3 - 7. Let m = i - -2. Let y(a) = 2*a**3 + 2*a**2 - 3*a - 3. Let j be y(m). Let v(t) = -t**2 - 6*t - 4. Calculate v(j).
1
Let h(i) = -7*i**2 - 15*i + 6. Let j(v) = -3*v**2 - 7*v + 3. Let x(m) = 2*h(m) - 5*j(m). What is x(-6)?
3
Let z(p) = 11*p**2 + p. Let r(i) = i - 6. Let n be r(5). Determine z(n).
10
Let u(l) = -6*l**2 - 1. Suppose 4*b + 3*w - 12 = 0, -w - w = -5*b + 15. Suppose 0 = i + b*o - 13, -3*o + 0*o = 3*i - 15. What is u(i)?
-7
Let i(o) = 9 + 0*o**2 + o - o**3 + 2*o**2 - 10. Suppose k - 4 = -k. Suppose 3*h + 10 = -p - h, -4*h - k = 5*p. Determine i(p).
1
Let w(d) be the second derivative of -d**4/12 - d**3 - 3*d**2/2 + 2*d - 42. What is w(-2)?
5
Let q(s) = s**3 - 2*s**2 + s - 2. Let o(p) = 6*p**2 + 1. Let y be o(-1). Let c = -5 + y. Determine q(c).
0
Let v(y) = y**3 + 4*y**2 - 4*y + 4. Let i(a) = 4*a**2 + a. Let m be i(-1). Suppose 4 + 2 = m*b. Let r be 0/3 + -7 + b. What is v(r)?
-1
Let p(j) = -3*j**3 + 3*j**2 + 1. Let z(x) = x**3 - x**2. Let a(w) = -p(w) - 2*z(w). Give a(0).
-1
Let t(m) = 3*m**3 - 8*m**2 + 2*m + 3. Let i(v)